+ 34. Suppose -2*b = o*b + 30. Calculate i(b).
-6
Let q(s) be the third derivative of 0 - 1/12*s**5 + 1/6*s**3 + 1/120*s**6 + 4*s**2 + 1/12*s**4 + 0*s. Let v = -95 - -100. What is q(v)?
11
Let t(g) = g**3 + 5*g**2 - 7. Let z be 6/4 + 444/(-24). Let f be -1*1 + 68/z. Calculate t(f).
-7
Let a(w) be the first derivative of w**3/3 - w**2/2 + 2*w - 290. Determine a(4).
14
Let d(y) = 80 + y**2 + 13*y + 72 - 4*y - 148. What is d(-8)?
-4
Suppose -3*c + 1 = -14. Let x(z) = 6*z - 5*z + z**3 + 1 + c*z**2 - 2*z. Suppose 2*q + 15 = -q. Calculate x(q).
6
Let s(z) = -z - 9. Suppose -5*m = -2 - 18. Suppose 3*l - 2*p + 27 = p, 0 = -m*l + 5*p - 40. What is s(l)?
-4
Let q(f) = f**3 + 9*f**2 - 22*f + 3. Let s(z) = -z**3 - 5*z**2 + 3*z - 11. Let m be s(0). Give q(m).
3
Let v(d) = d**2 + 3*d - 8. Suppose -7 = -5*k + 8, 5 = 4*c - 5*k. Suppose -2*t - 4*w = 4, 0*t - 2*t + c*w = 22. Give v(t).
10
Let y(m) = 3*m**3 - m. Let w be (5/(-5))/((-1)/(-6)). Let s be (16/12)/((-1)/w). Suppose -4*a - s + 4 = 0. What is y(a)?
-2
Let z be (3 + -1)*(-12)/8. Let w(a) be the second derivative of -1/2*a**3 + 0 + 0*a**2 + 1/6*a**4 + 1/20*a**5 + a. Give w(z).
0
Let d(p) = -p**2 - p + 2. Let a be d(-2). Suppose z = -2*x - 1 - 0, -3*x + 5*z - 21 = a. Let n(v) = v**2 + v - 2. Calculate n(x).
0
Let a(b) = 21*b + 2 - 3*b**2 + 0*b + 4*b**2 - 26*b. Determine a(5).
2
Let u be -3 - -2 - (-1 - -6). Let x(l) = 7*l - 2*l - 1 - l**2 + l + 2*l**2. Determine x(u).
-1
Let a = 1644 - 1645. Let d(u) = -10*u**2 + 2. Calculate d(a).
-8
Let v(m) = 4*m**3 + 6*m**2 + 5*m + 2. Let l(j) = -3*j**3 - 3*j**2 - 6*j - 3. Let z(a) = -5*l(a) - 4*v(a). Suppose 2*u + 4 = -16. Give z(u).
7
Let g(q) = -q**2 - 16*q - 10. Suppose -360 = 35*a - 11*a. Calculate g(a).
5
Let v(l) = -1452 - 4*l + 742 + 749. Give v(10).
-1
Let x(r) = 1. Let p(n) = -n**3 - 11*n**2 - 13*n - 3. Let v be p(-10). Let w = -26 + v. Let m(d) = d - 4. Let y(u) = w*m(u) + 4*x(u). Calculate y(-4).
-4
Let l(t) = t**2 + 10*t - 3. Let q be (22 + -2)/((-8)/4). Calculate l(q).
-3
Let d(a) = 6*a**2 - 2. Let t(c) = 3*c**2 - 1. Let f(g) = -2*d(g) + 5*t(g). Suppose 0 = 23*r - 154 + 16. Suppose -64*v = -58*v - r. Give f(v).
2
Let x be 3 + 20/(-4) + 4. Let m(g) = 1 + 3*g + 2*g + x*g. Suppose 4*b - 2 + 6 = 0. Give m(b).
-6
Suppose c + 3*c + 4 = 0. Let y(t) = -t**2 + 5*t - 5. Let x(q) = q - 1. Let a(k) = c*y(k) + 2*x(k). Suppose -3*z + 6 = -3. Give a(z).
3
Suppose 2*z + 0*z - 78 = 0. Suppose -4*b = -11 + z. Let s(t) = -t**2 + t - 1. Let r(l) = l**3 + 2*l**2 + 6*l. Let n(o) = r(o) - 5*s(o). Give n(b).
-2
Let h = 154 + -142. Let m(y) = y**3 - 15*y + h + 126*y**2 - 139*y**2 + 2. Give m(14).
0
Suppose 33 - 9 = 4*o. Let k(m) = 9*m**3 - 17*m**2 - 14*m - 16. Let y(f) = 4*f**3 - 8*f**2 - 7*f - 8. Let q(v) = -3*k(v) + 7*y(v). Give q(o).
-14
Let a(b) be the first derivative of -5*b + 3 + 0*b**2 + 1/4*b**4 - 4/3*b**3. Let g(r) = r**2 - 11*r - 8. Let f be g(12). Calculate a(f).
-5
Let r(a) = -7*a**3 + 17*a**2 + 16*a + 16. Let y(z) = 2*z**3 - z**2 - z + 2. Let q(h) = r(h) + 3*y(h). Determine q(15).
-8
Let f = 78 + -75. Suppose f*g + 12 = 3*m, -26 = 6*g - g + m. Let q(y) = -3*y + 1. Let n(o) = -2*o + 1. Let k(s) = -5*n(s) + 3*q(s). Determine k(g).
-7
Suppose -k = -3*k + 12. Let q(u) = 19*u**2 - 10*u**2 - 6*u - 8*u**2 + 8. What is q(k)?
8
Let d(h) be the first derivative of 3*h**2/2 - 6*h + 824. Let w be (10 - 0)/(3 + -1). Suppose -w*l + 25 = -0*l - 5*o, 3*l + 2*o = 10. What is d(l)?
6
Let k(b) = b**3 + 10*b**2 - 12*b + 3. Let a be k(-11). Let d = -9 + a. Let p(g) = 4*g**3 - 5*g**3 + 2*g + d*g**2 - 5*g + 5. Give p(4).
9
Let l be 225/(-600) - (-35)/8. Let k(t) = -6*t - 5. Give k(l).
-29
Suppose -3*t = -t + 2. Let g(k) = -8*k - 1. Determine g(t).
7
Let c = -10 - -4. Suppose 1 = 2*b - 3. Let g(n) = -16*n + 5. Let i(y) = 3*y - 1. Let v(d) = b*g(d) + 11*i(d). Give v(c).
-7
Let j be 7 + 42 + 2*9/(-6). Let l(z) = -2 - 47*z - 5 + j*z. Give l(0).
-7
Let b(f) = -10*f**2 + 6*f - 7. Let u(w) = -18*w**2 + 11*w - 13. Let m(s) = 7*b(s) - 4*u(s). Suppose -1 = -l + 1. Determine m(l).
7
Let z(x) = -x. Let m(g) = g**2 - 3. Let d(p) = m(p) - 3*z(p). Give d(3).
15
Let i = 302 - 302. Let t(h) be the second derivative of -3*h - 9/2*h**2 + i - 1/6*h**3. Give t(0).
-9
Suppose 6*w - 110 = w. Let l = w - 17. Let z(s) = 2*s + 2. Determine z(l).
12
Let q = 900 - 900. Let t(j) = -j + 7. Let p be t(4). Let d(n) = 3 + q - p*n + 4*n + 2. Determine d(-4).
1
Let b(c) = c**2 + 2*c. Let l be b(-3). Let v(n) = -4*n + 18. Let x(t) = 3*t - 15. Let o(j) = -5*v(j) - 6*x(j). Give o(l).
6
Let q(h) be the second derivative of -h**3/3 - 5*h**2/2 - 3*h - 11. Give q(6).
-17
Let s = 2957/1767 - 4/589. Let x(l) be the first derivative of -2*l**2 - 2 + 3*l - 1/4*l**4 + s*l**3. What is x(3)?
9
Let k be 0 - (1 - (-1)/2)*-2. Suppose 0 = -x - 3*x + 4. Let s(w) = -5*w**2 + 4*w + x + k*w**2 + w**2. Calculate s(4).
1
Let n(i) = 3*i**2 + 6*i + 4. Let r = 4 - 0. Suppose r*k + 5*x - 3*x + 6 = 0, 3*k + 4*x = 8. What is n(k)?
28
Let l = 221 - 226. Let o(a) be the first derivative of -2 + 4*a + 3*a - 7*a**2 + 8*a**2. Calculate o(l).
-3
Let f(p) be the second derivative of -p**3/6 + 4*p**2 - 97*p. Determine f(-9).
17
Let y(q) be the first derivative of -q**3/3 + q**2 - 3*q + 1. Suppose -11 = -6*j + 13. Suppose z - 7 = i - 6*i, j*z + 14 = i. Give y(i).
-3
Let n(v) = -v**3 + 6*v**2 + 1. Let o(r) = -2*r**3 + 11*r**2 + 3. Suppose -2 = -2*a + 3*d + 11, -23 = -4*a + 3*d. Let c(z) = a*n(z) - 3*o(z). Calculate c(3).
-4
Suppose -18 = 2*u + 14. Let x = u - -17. Let q be 5/((-5)/(-4))*x. Let c(l) = l**3 - 3*l**2 - 3*l + 5. Calculate c(q).
9
Let h(g) = 9 + 4*g + 14 - 28. Let t be h(2). Let l(s) = -3*s**2 - 9*s - 4 - 2 + t*s**2 - s**2. Determine l(-9).
-6
Let o(l) be the first derivative of -19 - 5/3*l**3 - 1/4*l**4 - l**2 - 7*l. Give o(-5).
3
Let l be -2 - (14/6 + (-55)/(-33)). Let i(k) = -k**3 - 7*k**2 - 3*k + 1. Calculate i(l).
-17
Let s(w) = -w**2 - 4*w + 1. Let f(g) = 3*g - 9. Let j be f(1). Calculate s(j).
-11
Let s = -13 - -18. Let t(g) = -3*g**3 - g**2 + g + 2. Let d(r) = -13*r**3 + 11*r + 3. Let q(c) = d(c) - 4*t(c). What is q(s)?
5
Let o(k) be the second derivative of k**4/6 - 2*k**3/3 - 5*k**2/2 - k. Let d = -9 + 21. Suppose s = 4*s - d. What is o(s)?
11
Let k(n) = -1318*n - 22 + 7 - n**2 - 1322*n + 2629*n. Calculate k(-8).
9
Let j(f) = -9*f - 14. Let g(l) = 18*l + 33. Let k(r) = -2*g(r) - 5*j(r). Calculate k(-3).
-23
Let y(i) = 15*i**3 + i - i**2 - 10*i**3 - 5*i**3 - 10*i**3. Calculate y(1).
-10
Let k(d) = 5*d + 1. Suppose 0 = -3*z + 6 + 9. Suppose -z*o = 0, 3*y + 0*y + 5*o = 6. Suppose y*h = -0 + 4. Determine k(h).
11
Let f(c) = -c + 8. Suppose -w + 628 = 633. Calculate f(w).
13
Let u(z) be the second derivative of -z**4/12 + 5*z**3/3 + 7*z**2 + 2*z - 26. Determine u(10).
14
Let a(f) = -2*f + 51. Let h(u) = -u + 34. Let y(n) = -5*a(n) + 8*h(n). Give y(-13).
-9
Let j = 2257/4 - 564. Let q(o) be the first derivative of -j*o**4 + 7/3*o**3 - 4*o + 0*o**2 - 10. Give q(7).
-4
Let h = 71 - 41. Let v be (6/10)/(3/h). Let a(r) = -2*r**2 - v + 3*r**2 + r**2 - 3*r**2. Determine a(0).
-6
Let a(t) = 86*t + 75*t - 6*t**2 - 161*t. Give a(-1).
-6
Let q(n) be the second derivative of 0 - n - 1/8*n**4 + 0*n**2 - 1/360*n**6 - n**3 - 1/60*n**5. Let c(z) be the second derivative of q(z). What is c(-2)?
-3
Let s = -227 + 343. Let t = s - 106. Let k(w) = -w + 8. Determine k(t).
-2
Let j(x) = 1229*x**3 - 1227*x**3 + 5*x - 11*x**2 - 5 + 0*x**2. What is j(5)?
-5
Let i be 2*(-1 + (-4)/2). Let t(s) = 5*s**2 - 2*s + 5. Let k(b) = -4*b**2 + 2*b - 4. Let g(l) = i*k(l) - 5*t(l). Let z = 2 - 4. What is g(z)?
-1
Let f(q) be the second derivative of q**4/12 + 7*q**3/3 - 7*q**2 - q - 247. Give f(-16).
18
Let d(l) = 4*l**2 + 1. Suppose -2*j + 5*j + 16 = -4*k, j = k - 3. Determine d(k).
5
Suppose 16*d = -22 - 10. Let w(m) = m**3 - 2*m + 3. What is w(d)?
-1
Let m(f) = -2*f + 1. Let z(b) = -5*b - 1. Let c(v) = 2*m(v) + z(v). Give c(-3).
28
Let y be 1/(-3 + (-68)/(-22)). Let x = y + -6. Suppose -u = -x*m - 1, 2*u = -u - 12. Let w(b) = b + 1. What is w(m)?
0
Let l be 3 + (-21)/3 + -84. Let d be l/33 + (-4)/(-6). Let i(s) = 2*s**3 + s**2 - 2*s - 1. What is i(d)?
-9
Let n(l) = l**2 + 5*l + 3. Let a be n(-6). Let f be (a/(-12))/(-3) - 6/(-8). Let y(p) = 4*p**2 - 1. Calculate y(f).
3
Let 